4
What is the value of 41 + -50 - (3 + -2)?
-10
Calculate (-9 + -10 - -7) + 27.
15
What is (6 - (-2 - 0)) + (-40 - -32) - -13?
13
Calculate -21 - (0 - 5) - -16.
0
Calculate (-10 - -14) + -21 - -16.
-1
-31 + 21 + (-4 - -8 - 10)
-16
1 + 1 - (34 - 4 - 19)
-9
What is -58 + 42 + 8 + 2 + 20?
14
3 + -1 - (32 + -38 - (-18 - 0))
-10
Calculate -350 + 351 + (-1 + 3 - (0 - -12)).
-9
Calculate (-7 - -11 - -4) + -13.
-5
What is the value of 13 + (-2 - (-6 + -2 + -24 + 24))?
19
What is -2 - -2 - 4 - (111 - 114)?
-1
Evaluate 10 + -27 + -17 + 29.
-5
What is the value of 4 - 2 - (-30 + 30)?
2
What is the value of (3 - -10) + -9 + (12 - 6)?
10
Evaluate (-39 - -51) + 7 + -3.
16
What is -10 + 37 + -2 + -10 - 4?
11
-5 - ((-3 - 14) + 2 + 8)
2
What is the value of 14 + (-1 - -7 - (16 - 6))?
10
What is the value of (-4 + -1 - -20) + (-6 - -2)?
11
What is 1 + -2 + 3 - (-21 + 31)?
-8
-9 + 26 + -6 + 9 + -7
13
What is -2 + -14 + 11 + -6 + 5?
-6
-11 + (-2 + -2 + 0 + 2 - -6)
-7
Calculate -61 + (35 - -5) - -19.
-2
Evaluate (-10 - -1) + 15 + (-26 - 3) + 0.
-23
-4 - (-2 - -9) - ((0 - 0) + -2)
-9
What is the value of (20 - 4) + -11 + -3?
2
(10 - (-1 + 0) - -2) + (2 - 2)
13
(2 - -10) + (35 - -5 - 17)
35
What is the value of (14 - 24 - -13) + (-15 - 1)?
-13
What is -6 + (-2 + 3 - -7) - (3 + -10)?
9
Evaluate 47 - (15 + -7) - 32.
7
What is (-29 - -10) + 15 - -6?
2
Evaluate -2 + 0 + 2 + -5 + (15 - 8).
2
What is the value of -8 - -4 - (2 + -1 - (45 - 28))?
12
What is the value of 7 + -1 + (7 - (3 + 1))?
9
What is the value of 16 - 21 - (-6 + -10 - 0)?
11
(-4 + 1 - (-18 + 10)) + 9 + -6
8
What is (9 + -3 - 15) + 2 + (7 - 5)?
-5
What is (11 - (12 + -6)) + (-3 + 7 - 23)?
-14
Calculate (-40 - (-41 - -17)) + 1.
-15
What is the value of (-9 - (-4 - 6)) + -5 + (2 - 9)?
-11
What is 22 + -14 + 4 + -4 + 0?
8
Calculate 7 + (-14 + -4 - -24).
13
What is the value of 0 + (0 - 0) - -4 - (-22 + 23)?
3
What is 0 - (9 + -6) - -16?
13
Calculate (-39 - -39) + 2 + (-1 - -3) + -1.
3
-9 + (36 - 12) + -11 + -17
-13
What is the value of -13 + 4 + 22 + -9?
4
Evaluate -6 - (2 - (7 - (3 + -5))).
1
Calculate -13 + -13 + 20 + 1 + -1 + -14.
-20
-15 + 7 + 7 - (-18 - 0)
17
What is the value of 19 + (-1 - 7) + (19 - 16)?
14
17 - (27 - (-7 - -23))
6
-5 + 1 - ((-23 - -61) + -46)
4
What is 6 + (2 - 3) + (-9 - 0)?
-4
Calculate 13 + -13 + (-6 - -17).
11
What is 25 + -2 + -2 + (12 - 5) + -14?
14
Evaluate -1 - 0 - (-9 + 2 + 5).
1
Calculate (1 - (-2 - 12)) + 79 + -76.
18
Calculate 4 + -7 + -1 + -9 - (-4 + -3).
-6
What is the value of 6 + (-11 - (0 + -6))?
1
What is the value of (-7 - -5 - 12) + 47?
33
2 + -2 + (12 - 4) + (4 - 8)
4
What is (-18 - -12) + -10 + -4 + -1?
-21
Calculate 11 + 0 + 24 + -4 + -14 + 2.
19
Calculate -10 - ((-2 + 0 - (-16 + 16)) + -4).
-4
Evaluate (0 + 5 - (-42 - -54)) + -17.
-24
Evaluate -38 - (-40 + 16 - -2).
-16
-1 + -10 + (4 - 11) + 6
-12
Calculate 7 - (-8 - (4 + 6 + -14)).
11
What is -12 - (-25 - 8 - -11)?
10
What is the value of (5 - (2 + 8)) + 13 + 0?
8
What is -1 + -1 + (-53 - -39) + 7?
-9
-13 + (1 + 0 - -12)
0
3 - 3 - 2 - (118 + -102)
-18
What is -17 + 37 + -7 + -16 - -27?
24
-61 + 60 - (32 - 6)
-27
1 + -20 - (1 + 4 + -13)
-11
Evaluate 48 + (43 - 75) - (1 + -2).
17
What is the value of (12 - (15 + -15)) + (-3 - -1)?
10
What is the value of 19 + (16 - 0 - 34)?
1
Evaluate 12 + (-15 - (-21 - -8)) + -7 + 2.
5
What is the value of (3 - -5 - (-55 - -51)) + -43?
-31
1 + (-1 - -2) - (62 - 7 - 43)
-10
Evaluate 4 - (3 + 1 - 8) - 9.
-1
Calculate 12 + -5 - -3 - (-18 + -2 + 1).
29
Calculate 7 + -11 + -6 - ((-3 - -6) + -39).
26
-9 - -8 - (0 + -4) - (-14 + 8)
9
2 - (-6 + (19 - 14))
3
Calculate 8 - 4 - -9 - (-36 + 60).
-11
-8 + 3 - 2 - (3 - (4 - -19))
13
Evaluate -23 + 12 + (2 - -7) + -10 + -7.
-19
Evaluate 14 + (-14 - -18) + -7 + -18.
-7
What is the value of -32 - ((-109 - -103) + (-5 - 0))?
-21
What is -7 + 7 + -7 + 27 - (4 + 3)?
13
(16 + -23 - 4 - -8) + 10
7
What is the value of -61 + 29 + -5 + 44?
7
Evaluate (0 - 23) + 103 + -89.
-9
Evaluate -9 - 11 - -12 - (-19 + 2).
9
What is -28 + 19 + (3 - -12) + -1 - -1?
6
What is the value of -26 - -16 - (3 - 2)?
-11
-3 - -4 - (-6 + -1 + 4 - 10)
14
(311 - 337) + (11 - 1)
-16
What is -4 + 0 - (-8 + 29 + -16)?
-9
What is -1 - (-7 + -2 + (6 - -2))?
0
What is the value of -8 + 1 + -9 + (28 - 16) + -3?
-7
What is the value of -10 - ((1 + 1 - 3) + 0) - 2?
-11
What is the value of -12 - 7 - (10 - 28) - (-4 + 1)?
2
What is (0 - -10) + -1 + 0 - (49 + -45)?
5
What is the value of -6 + 15 + 28 + (30 - 38)?
29
Evaluate (6 - 1) + -6 + -1 + (14 - 3).
9
-2 + 1 + (-31 - -29) - (-2 - 5)
4
Calculate (-2 - 6 - -17 - -7) + (-1 - -5).
20
(-2 - (7 + -3)) + -3 + 9
0
Calculate (-5 - -15) + 0 + 97 + -126.
-19
Calculate 2 + -17 + -6 - (-3 + -6).
-12
-7 - (4 + -4) - (8 + -16)
1
Calculate 3 - 15 - (-19 + 20).
-13
Evaluate (-51 + 50 - (-1 - -1)) + -7.
-8
What is 7 - (3 + (-5 - -1)) - (-1 + 0)?
9
What is the value of (-1 - (2 - ((7 - 4) + 0))) + 14?
14
Calculate -31 + 30 + 26 - 1.
24
Calculate 25 + -16 - (5 + (14 - 10)).
0
What is the value of -10 - (20 + 13 + -21) - 9?
-31
Evaluate (14 - -1 - -17) + -17.
15
What is the value of (1 - -6 - -1) + (6645 - 6639)?
14
Evaluate 10 + -15 + 9 + (-5 - 3).
-4
Evaluate 59 + -60 + (-1 - (0 - 0)) + 4.
2
What is the value of (-20 - -12) + (22 + 3 - (1 + -1))?
17
-2 + 0 - -8 - (106 + -98 - 27)
25
What is the value of -6 + (4 - 19) + (2 - -8)?
-11
What is 8 - (-6 + 3 - 14)?
25
What is 2 - (-9 + 3 + 15 + -16)?
9
4 - 3 - (16 + -3)
-12
Evaluate -1 - (-11 - -20 - 5).
-5
Calculate 18 + -36 + 10 + 8 + 0.
0
What is the value of 1 - -5 - ((75 - 86) + -1 + 11)?
7
Calculate 6 - (15 - (9 - (-2 + 6))).
-4
Calculate -14 - (-13 - 11) - -2.
12
What is (13 - 23) + 4 + 37 - 11?
20
24 + -12 + -18 + 15
9
Calculate 7 + 13 + 7 - (-11 - -11).
27
What is (17 - 20) + (-2 - (-4 + (-3 - 1)))?
3
What is -11 + -2 + -2 + (-65 - -8) + 56?
-16
What is the value of -16 + -12 + (10 - 7) + (1 - -6)?
-18
-20 + 3 + 19 + -3 + -6
-7
Calculate -6 - ((46 - 33) + -40).
21
Calculate 5 + 6 - (3 + -3) - -13.
24
Calculate -7 + 13 + -15 - 13 - 2.
-24
What is (45 - 47) + (20 - 16 - (0 + 7))?
-5
Calculate 13 + (-13 + (-4 - 0 - -7) - -6).
9
What is the value of -9 - (-10 - (-2 - 15 - -1))?
-15
What is the value of -34 + 5 - (23 - 24 - -8)?
-36
What is the value of -8 + -16 + 0 + (-26 - 2) + 26?
-26
What is the value of (16 - 19 - -10) + 2?
9
-20 + (14 - 12 - 16) + -4
-38
-64 + 50 + (24 - 2)
8
What is 15 - ((20 - 5) + -7)?
7
Evaluate 8 - (11 - (34 - 42)).
-11
What is the value of 2 + 4 + -3 - (4 + 12 + -12)?
-1
What is -7 + -9 + (-1 - 1) + 8?
-10
What is 2 + ((-58 - -53) + 1 + 9 - 3)?
4
Evaluate -5 - (6 + -11) - (-4 - -13).
-9
Evaluate (-14 - (-24 + -2)) + -20.
-8
Evaluate (6 - 7 - -8 - 6 - 20) + -8.
-27
Calculate 0 + (6 - (-5 - (-8 - -12))).
15
Calculate 8 + (10 - 12) - 2.
4
(2 - 9 - (-5 + 8 + -15)) + -7
-2
Evaluate (-19 + 13 + 5 - 19) + (5 - 1).
-16
Evaluate -12 - -5 - (8 - (-1 + 14)).
-2
Evaluate (-16 - (-28 + (0 - -6))) + (-2 - -3).
7
Evaluate -2 - (16 + (11 - (21 + 0))).
-8
1 + -10 - ((-22 - 11) + 1 + 13)
10
-52 - (16 - 60) - (4 - (0 - 1))
-13
Evaluate -14 + 39 + (1 + -22 - -11).
15
(-16 - -36) + -17 - 17
-14
What is 2 + 2 - (-257 - -246 - (-31 + 1))?
-15
Evaluate -10 + 4 - (-21 + 0 + -2 + 4).
13
What is 5 - 1 - (-7 - (-7 - -2))?
6
Evaluate 1 - (1 + -1) - (2345 + -2345).
1
What is (-1 - -3) + -17 + (-5 + -1 - -3)?
-18
What is the value of -1 - (-16 + 7 + -3 - -8)?
3
(-2 - -23) + (178 - 190)
9
Evaluate 3 - (3 - (6 - 3)) - (194 - 188).
-3
Calculate 1 - (-9 + 4) - ((6 - 6) + -12).
18
Calculate (-6 - (-6 + -9)) + -10.
-1
Evaluate (-31 - -18) + -2 + (-14 - -2 - -3).
-24
What is (-9 + 5 + 13 - 3) + -7?
-1
Evaluate (-3 + 3 - -1) + (478 - 478).
1
What is the value of (-15 - (-15 - -10)) + 8?
-2
(-1 + -5 - (9 - (19 + 18))) + -2
20
What is (0 - 2 - -2) + (-3 - -27) + -25?
-1
-1 + (-14 - 0) + 8 + -14
-21
Calculate 6 + (8 - 6) + -7 + 12.
13
Calculate -14 - (-29 - -9) - ((-4 - -2) + 0).
8
What is -14 - (-14 + 7) - 1 - -30 - -3?
25
Calculate -1 - (-2 + -8) - (-2 - 2) - 5.
8
Evaluate -11 - (-9 + 0) - (-5 - 3).
6
Calculate -14 - -10 - ((11 - 7) + (2 - 4)).
-6
What is -3 + (-36 - (31 - 50))?
-20
What is -2 - -7 - (-2 + (-8 - -11 - -3))?
1
What is the value of -27 - ((20 - 10) + -14)?
-23
What is the value of (-12 - (2 - 